 = -3*b + h, -69 = -4*f - 3*b. Is f a prime number?
False
Let d = -7 - -13. Suppose -z = -2*z + d. Suppose 2*h - 14 = 4*o, -h + o - 1 = -z. Is h prime?
True
Suppose 16*r = 12*r + 1276. Is r composite?
True
Suppose 4*t - 4*y - 8 = 0, -2*t + y = -5*t - 14. Is t/((-9)/327) - 0 a composite number?
False
Let s be (1 - 0)*20*2. Suppose -c - 24 = -2*c + 5*t, 3*c = -t + s. Is c a prime number?
False
Suppose 5*u - 9 = y - 1, 2 = 5*y - 4*u. Suppose y*c = -2*c + 3356. Is c a prime number?
True
Let w = 764 + -375. Is w a prime number?
True
Is (-8)/16 - (-227)/2 composite?
False
Let s = 103 - -60. Is s a prime number?
True
Let t(v) = 215*v. Let x be t(1). Let m = x - 120. Is m a prime number?
False
Suppose -2*a - 508 = -6*a. Is a composite?
False
Suppose 0 = 5*r - 7*r + 986. Is r composite?
True
Let u(n) = -n**2 - 13*n - 9. Let y be (0 + 2)*(6 + 6). Suppose -3*c = -0*c + y. Is u(c) a prime number?
True
Let g(l) = -13*l + 5. Let x(q) = -105*q + 40. Let p(n) = -25*g(n) + 3*x(n). Suppose -5*i - 3*o = -3*i - 24, -3*i + 2*o + 10 = 0. Is p(i) prime?
False
Suppose -4*b + 3*b = -91. Let n = -40 + b. Is n composite?
True
Let w be 2 + 7 + 2/(-1). Let s(o) = -3*o + 10. Let l(y) = -3*y + 11. Let d(m) = 2*l(m) - 3*s(m). Is d(w) a composite number?
False
Let r be (3/(-4))/((-4)/(-16)). Let v be (0 - r)*(-98)/(-6). Suppose z + o - v = -2*z, 5*z = o + 71. Is z prime?
False
Suppose -3*i - 4 = -4*i. Suppose -505 - 3 = -i*m. Is m a composite number?
False
Let c = 3 - -4. Let t = -3 + c. Suppose 0*i - 3*p - 8 = i, -4*p - t = 3*i. Is i a prime number?
False
Let t(v) = v**2 + 3*v - 5. Let x be t(-5). Suppose x*i + 20 = 0, -5*u + 7*i = 2*i - 30. Is 13 + -1 + 1 - u composite?
False
Suppose 2*y - 3*o + 24 = 0, -y - 3*o - 12 = -2*o. Let f be (-66)/y + (-2)/4. Suppose -f*g + 87 = 4*a - 34, 2*a = -3*g + 71. Is g a prime number?
False
Let z(f) = 2*f**3 - 2*f**2 + 4*f - 3. Suppose 0 = -r + 5*i + 1, 0*i + 16 = 3*r - 2*i. Is z(r) a prime number?
False
Let r(g) = -59*g**3 - g**2 - 2*g - 1. Suppose -7 = 3*w - 4. Is r(w) a prime number?
True
Is (2 - 5)/((-3)/2003) prime?
True
Suppose -732 + 0 = -4*a. Suppose 5*j + y = 128, -5*j + 3*y - 67 + a = 0. Is j a composite number?
True
Suppose 3*u + 3*c + 11 = 2*u, 5*c + 7 = 4*u. Is 266 - (u - (2 + -5)) a composite number?
True
Let d(r) = -r**2 - 6*r + 2 + 0 + 0*r**2. Suppose 0 = 2*m + 7 + 3. Is d(m) composite?
False
Suppose 4*z - 498 = -4*k + 3*k, -240 = -2*z - 5*k. Suppose -250 = -2*t + 5*b, -t - 2*b + 4*b = -z. Let l = t - 88. Is l a composite number?
False
Suppose 0 = -3*z + 2*z + 319. Is z prime?
False
Let g(s) = -s**2 - 1. Let c(i) = 67*i**3 - 7*i**2 - 2*i - 7. Let x(q) = -c(q) + 6*g(q). Let k be 1 - (-2 + 5 - 1). Is x(k) prime?
True
Suppose -s = -6*s + 35. Is s composite?
False
Let n = 35864 - 24667. Is n a composite number?
False
Is ((-3)/(-6))/((-5)/(-2530)) prime?
False
Let n(u) = -2*u**2 + 4*u. Let f(r) = -r**2 + 5*r. Let h(o) = 2*f(o) - 3*n(o). Let l be h(3). Let g = -16 + l. Is g a prime number?
False
Let f be (-2)/(-8) - 17/4. Is (-70)/f*(3 - 1) composite?
True
Suppose 2*u + 2 + 10 = -5*n, 0 = -4*u + n - 2. Is ((-225)/3 - 2)/u a composite number?
True
Suppose 1 = 3*r - 5. Suppose r*d - 497 - 181 = 0. Is d a prime number?
False
Suppose -2*c + 33 = -3*o + 132, -o - 5*c + 16 = 0. Is o a prime number?
True
Let u be ((-10)/(-4))/((-5)/10). Let c be 10/u*5/(-2). Suppose 0*g + c*g = 155. Is g prime?
True
Let u(o) = -3*o - 7. Let c be u(-6). Let b be c*(-4)/3*3. Let i = 141 + b. Is i prime?
True
Let o(k) = 2*k**2 - 12*k + 11. Let p be o(9). Let g = p + -10. Is g a composite number?
True
Let i(y) = -y**3 + 9*y**2 - 4*y + 4. Let q be i(6). Suppose -6*o + 10*o = q. Is o prime?
False
Suppose -2*k + 9 = k, 4*z - 3*k - 3139 = 0. Is z composite?
False
Let b(s) = s**3 + 2*s**2 - 7*s + 4. Let p(z) = 3*z**3 + 5*z**2 - 20*z + 13. Let i(o) = -8*b(o) + 3*p(o). Is i(4) a prime number?
False
Suppose 10*h - 62 = -12. Let t be 2*420 + 2/(-1). Suppose -t + 93 = -h*r. Is r a composite number?
False
Suppose -3*f + 463 = -80. Is f prime?
True
Let n = 8 + -3. Let f be 1*5/(15/27). Suppose -2*y + 2 = -3*q - 4, 3*y = n*q + f. Is y a prime number?
True
Let r(m) = 3*m**3 + 7*m**2 - 6*m - 2. Let o(a) = a**3 + a**2 - a - 6. Let p be o(0). Let b be r(p). Let j = b + 547. Is j prime?
False
Let c = -7 + 15. Suppose -2*n + 0 = -5*z + 2, 2*z = 3*n - c. Is ((-57)/4)/(z/(-8)) composite?
True
Suppose 5*b - 327 = 958. Is b composite?
False
Suppose -5*l + 3*t + 995 = 0, 5*l + 184 - 1179 = -3*t. Is l a prime number?
True
Let u = 1752 - 775. Is u prime?
True
Suppose -p - 4*k = -1729, 5*p + 3*k - 10263 + 1703 = 0. Is p a prime number?
True
Suppose -24 = -s - 3*s + 4*o, 3*s = -3*o - 6. Let l(q) = q. Let v(w) = 8*w - 2. Let t(f) = 10*l(f) - v(f). Is t(s) a composite number?
True
Let j(c) = -c**3 - 10*c**2 - c + 5. Let f be ((-28)/(-12))/((-1)/3). Let b be j(f). Let q = b - -222. Is q a prime number?
False
Suppose 5000 = 4*i + 2*y - 40, -4*y = 8. Is i a prime number?
False
Let o be 15/(-21) + (-8)/28. Is (-28)/(-8)*76 + o prime?
False
Let k(y) = 0 + 2*y + y**3 - 1 + 0*y + 0*y. Let l be (4/(-6))/((-1)/3). Is k(l) a prime number?
True
Let s(k) = k**3 - 7*k**2 + 3*k - 2. Let c(h) = 10*h + 2. Let q be c(-2). Let l = -11 - q. Is s(l) composite?
False
Is ((-8)/16)/((-1)/1510) composite?
True
Let z(v) = -v**2 - 6*v + 1. Is z(-3) composite?
True
Is (-1521)/(-6) + (-6)/(-12) prime?
False
Suppose 0 = 2*b - 2, 0 = -5*f - 0*f + 4*b + 4916. Suppose -3*q - 281 = 4*n - f, -4*q + 933 = n. Is q a composite number?
False
Let h(p) be the first derivative of 23*p**2/2 - 9*p + 4. Let i be h(12). Suppose -5*l = a - i, -a + 8 = -5*l + 271. Is l prime?
True
Let p(t) = -t**3 + 5*t. Let m be p(5). Let u = m + 155. Is u a composite number?
True
Let b(k) = -4*k**3 - 2*k - 2. Suppose -s - 2 = -0. Is b(s) composite?
True
Suppose m + 30 = 6. Let q = -5 - m. Is -1 + q + (-3 - -4) prime?
True
Let u(c) = c**3 + 7*c**2 - 6*c + 18. Let r be u(-8). Let o(v) = 3*v**2 - 1. Let k be o(1). Suppose -12 = -r*w - k*w. Is w a prime number?
True
Suppose 0*y + 3*y - 9 = 0. Suppose -53 = -y*l + 2*l. Is l a composite number?
False
Let r(j) = -2 + 3 + 0 + 21*j. Is r(5) a composite number?
True
Let y = -16 + -10. Let c be 3/(-9) - y/6. Let z(u) = 6*u**2 - u - 5. Is z(c) a composite number?
True
Let a(w) = -w**3 - 10*w**2 + 18*w - 9. Let h be a(-13). Suppose -2*d + 2*j = -h, -3*j = 5 + 10. Is d prime?
True
Let k be (3 - 2)/((-2)/(-428)). Let h = 137 - 264. Let o = h + k. Is o a prime number?
False
Let r be 0 - (3 + -1 + 1). Let f be ((-909)/(-6))/(r/4). Is f/(-18) + 8/(-36) a composite number?
False
Suppose 2*d = -0*d - 10, -1277 = -2*o - d. Let u = o + -336. Is u a composite number?
True
Let r = 1300 - 749. Is r a prime number?
False
Let u(s) = s**3 - s - 2. Let c = 1 + -1. Let f be u(c). Is 2*(f + 25/2) prime?
False
Suppose y = 2*l + 2053, 2*l = -3*y + 3816 + 2311. Is y a prime number?
False
Suppose -6 = -4*n + 6. Let h(q) = -22*q**3 + q**2 + 4*q + 5. Let j be h(-2). Suppose -4*k = 5*b - j, -5*b = n*k + 87 - 266. Is b prime?
True
Let q = -3 - -374. Is q a composite number?
True
Suppose 2*i = 2, d + 4*i = -3*d + 4. Suppose -3*z = 6, -3*g + 0*z - 2*z + 170 = d. Is g composite?
True
Let d be ((-94)/4)/((-2)/28). Suppose d + 185 = 2*f. Is f a composite number?
False
Suppose -9*l + 1301 = -1300. Is l a composite number?
True
Let r(k) = 53*k**2 + 3*k + 1. Suppose -5*y = -1 + 11. Let q be r(y). Is (-2)/(-3)*q/6 prime?
True
Let p = 123 + -72. Is p prime?
False
Let m = -6 - -7. Let c(n) = 1 + 0 - m - 2*n. Is c(-5) a prime number?
False
Let q(x) = 21*x**2 + 23*x + 13. Is q(-9) a prime number?
False
Let y(c) = c**3 - 13*c**2 + 12*c - 3. Let q be y(12). Is 4 + q + 1 + 147 a prime number?
True
Let u be 2/(0 + 4/16). Suppose 4*h = u, -h + 159 = s + 4*h. Is s a composite number?
False
Let m(y) = -2*y - 7. Let x be m(-5). Let b be 4/(-2 + (-2 - -6)). Suppose -x*r + 2*k = 4*k - 99, -b*k - 6 = 0. Is r a composite number?
True
Let d(y) = 3*y**2 + 5*y - 7. Is d(-8) a composite number?
True
Is (-1)/(-4 + (-12556)/(-3140)) composite?
True
Let n(v) = -3 - 4 - 5*v + 4 + v**3 + 2*v**2. Let k be n(-3). Let g(d) = 3*d. Is g(k) composite?
True
Let n(v) = 5. Let c(o) = -o**2 - o + 4. Let w(i) = -4*c(i) + 3*n(i). Suppose -2*k + 6 = 14. Is w(k) prime?
True
Let 